the value of 4 - 5 - (-3 - -12) - 14?
-24
Calculate 1 + -1 - ((16 + -43 - -62) + -9).
-26
Calculate 3440 - 3449 - (9 + (0 - 1)).
-17
Calculate 44 + -24 + 11 + -18.
13
(-10 - 1) + (1 - -19) - (17 + 1)
-9
-2 - (-1 + -1 - (-37 + 34))
-3
Calculate 19 + -34 + 16 - (0 + -1).
2
Evaluate 47 - ((26 - 1) + 5).
17
What is the value of 2 + 15 + -30 + 19 - (-5 + 15)?
-4
What is the value of 1 + -1 - -29 - ((35 - 62) + 34)?
22
21 + -2 - (-5 - (0 - -4) - -12)
16
What is the value of -15 + -3 + (-14 - -3 - -57)?
28
-9 + -15 + 22 + 6 - (2 - 11)
13
What is -6 - -11 - (-69 - -58)?
16
What is 20 + -39 + (-7 - 0)?
-26
(-14 - -10) + 9 - (21 - 3)
-13
(48 - (46 + -10)) + 4 + 0
16
-290 + 292 + 0 + 0 + 1
3
What is -2 + (20 - -6) + -30?
-6
What is the value of 7 + -5 - (0 + 0) - (-10 + 22)?
-10
Evaluate 10 + (-1 + -22 - -9) + 11.
7
Calculate 13 + (0 + -13 - 10).
-10
What is the value of (6 - 5) + (50 - 18)?
33
Calculate (3 - 0) + (36 - 15) + (-6 - 1).
17
What is (13 - 5) + (33 - 10 - 22)?
9
Evaluate (10 - (-3 + -2 + 12)) + -22 + -3.
-22
What is 0 + 17 - (1 - (3 + -8)) - 1?
10
What is (-12 - (-13 - -14)) + 8 - -25?
20
Calculate (-38 - (6 + -2)) + 275 + -270.
-37
What is the value of (-19 - 1) + (-689 - -697)?
-12
Calculate 12 + (-18 - -12) - (-2 - -20).
-12
What is the value of -34 + (22 - 8) - -16?
-4
What is -61 + 38 + 10 - -13?
0
-2 + (-1 - -5) + 2
4
Calculate -15 - 7 - -39 - 16.
1
Evaluate -28 - (-5 + 5) - -14.
-14
What is the value of -3 - -22 - ((-5 - -14 - 16) + 11)?
15
-14 + (17 - (-2 - -27)) + -8
-30
Evaluate 3 - (-5 + (5 + -9 - -11 - -5)).
-4
Evaluate 8 + ((-10 - -19) + -11 - 6).
0
(-2 - 2) + (-14 - (-7 + -3 + 1))
-9
What is the value of (14 - 4 - -7) + 3 + (5 - 6)?
19
Evaluate -23 - (-41 - -41 - (0 - -10)) - -7.
-6
Calculate 4 - (-2 + -5 - (-2 - 4)) - -10.
15
What is the value of (317 - 306) + (11 + -12 - (1 + -26))?
35
What is the value of 12 + (-1 + -10 - 13) + -3 + -2?
-17
-17 + 4 + -3 + 29 + -23
-10
What is the value of (-6 - -6) + (-15 - (15 + -10 - 11))?
-9
Evaluate -8 + 2 - (0 - 13 - (-20 - -13)).
0
What is -37 - ((4 - -18) + -25)?
-34
Calculate -323 - -316 - (2 - -1).
-10
Calculate 10 + -1 + 1 + (30 - (16 + 9)).
15
What is the value of 2 + -2 + 3 + -5 + (-3 - -7)?
2
-6 + 2 - (-13 - -9) - -6
6
What is the value of (6 - (-5 - -7)) + 3 + 4?
11
What is (21 - 2) + -21 - -14?
12
Evaluate (-30 - -37) + 5 + -2 + -22.
-12
What is the value of (17 - (2 + 10)) + -13 + 7?
-1
What is 5 + (-19 + 13 - 15)?
-16
Evaluate 27 + (-71 - -86) + (-3 - 0).
39
Calculate (-14 - 10) + 60 + -38.
-2
What is (-8 - 8) + (-4 + 4 - -41)?
25
Calculate 24 - (-11 + 27 + -3).
11
What is (0 - 2) + -34 + -20 + 56?
0
What is the value of -3 - (3 + -4 + 11)?
-13
What is the value of -3 + (3 - 0) + (-14 + 39 - 42)?
-17
What is the value of (19 - 21) + (12 - 3)?
7
1 - -21 - (-56 + 93)
-15
What is the value of 14 + (2 - (-15 - -41))?
-10
19 - ((1 - 28) + 58)
-12
What is -162 + 166 + (0 + (-1 - -8) - -1)?
12
(2 - 8) + 26 + -27 + (3 - 8)
-12
What is the value of 45 + 35 + -47 - 43?
-10
Calculate -17 + -1 + ((-8 - -3) + 7 - 3).
-19
4 + (10 - (0 - -25))
-11
Evaluate -21 - -1 - (-106 - -99).
-13
What is the value of 22 + -3 - (162 - 128)?
-15
What is -4 + -5 + 0 + 11 + -28?
-26
Calculate -4 + (7 - (9 + (1 - 8))) - -21.
22
8 - (-5 + -1 + (67 - 58))
5
-7 + 17 - (-3 - (-31 - -17))
-1
Calculate -28 + 5 - (70 - 79).
-14
Calculate 4 - -4 - -3 - (7 - 14) - 8.
10
Evaluate -255 + 254 + (1 - 5).
-5
Calculate -4 + 7 + 3 - (-6 - (4 + 0)).
16
What is 6 - (9 - (3 - 16))?
-16
(-1 - (-7 + 0 + 5)) + 28
29
What is 11 + -4 + (7 - ((12 - -15) + -10))?
-3
Calculate (12 - 8) + -17 + 12 + -7.
-8
What is -2 + -9 + -7 + 28?
10
What is -14 + 1 + (16 - 5)?
-2
What is the value of 3 + -6 + 4 - (-10 - -13)?
-2
Evaluate 10 - (-10 + (12 - -5)) - 13.
-10
What is (8 - (-3 - (-23 - (-10 - -6)))) + 32?
24
Calculate -27 - -13 - -14 - 2.
-2
Calculate (-3 - ((-3 - 3) + 4)) + -6 + 8.
1
(15 - -1 - 12 - -3) + 1 + -34
-26
Evaluate -954 + 954 - (0 + (-1 - (0 - -1))).
2
Calculate -9 - (3 + -6 + -1 + -7).
2
What is the value of (2 - -8) + (-45 - (-15 - 18))?
-2
What is the value of 92 + -108 + (1 - -6) + (-5 - 4)?
-18
Evaluate 3 + (5 - 0) + -1 + 49 + -43.
13
What is the value of 0 + -6 + (9 - 1) + -6?
-4
What is the value of 22 + (2 - 2 - -1 - (270 - 273))?
26
What is the value of -4 + -1 + (-17 + -5 - -6 - -8)?
-13
What is -2 + -4 + (10 - 2) + -1 + -3?
-2
(-26 - -5) + (-79 - -98)
-2
-18 - ((-4 - 1) + (7 - (-3 + 7)))
-16
-13 - (4 - 4) - (-26 + 33)
-20
Calculate 0 + 7 - ((2 - -2) + (12 - -1)).
-10
Evaluate 32 + -29 + (3 - 4) + -8.
-6
Evaluate (5 - 9) + 8 + -4 + -1 + -1.
-2
What is the value of -4 + 2 - 1 - (-31 + (28 - 7))?
7
Evaluate -20 - (1 + (-14 - (0 - 11))).
-18
What is (13 - 9 - 5) + -5?
-6
1 + 8 - (22 - (18 - -8))
13
What is -7 + (-20 + 13 - -17) + -3?
0
What is the value of (-229 - -204) + (17 - 2) - (1 + 9)?
-20
What is 10 - 15 - ((-3 - -3) + -16) - 8?
3
What is 17 + 5 + -5 + 2?
19
What is the value of -72 - -62 - (0 - 20) - -10?
20
-1 + -1 + 1 + -11 + (-59 - -71)
0
Calculate -35 + -1 + -30 + -31 + 63.
-34
Calculate -5 - 1 - 1 - (-14 + 0 - -6).
1
Evaluate 14 + 4 + (-2 - 10).
6
Evaluate -1 + 0 - (-23 + (11 - -4)).
7
What is the value of (15 - 3) + -23 + 3 + 0?
-8
(-8 + 9 - -24) + -13
12
What is -5 + -15 + (-12 - -24 - 17)?
-25
What is -5 - (4 + (-9 - -18) + -10)?
-8
Calculate 4 + (1 - 1) - (-14 - (-34 + 30)).
14
Calculate -10 + (21 - 11 - 19) + 6.
-13
What is (-8 - (-9 + -8)) + -13 + 9 - 21?
-16
Calculate -23 - (-16 - 0 - 28).
21
Evaluate (-18 + 0 - (-207 + 188)) + -4 + 0.
-3
Evaluate -21 - (3 + (-10 - 8)).
-6
Calculate (53 - 53) + -1 + 9 - (1 - 3).
10
What is the value of 1 + -17 + (-65 - -73) + (0 - 5)?
-13
Evaluate 3 + 0 + -2 - (-17 + 8 + 20).
-10
Evaluate 8 + (-1 - 5) + 37 + -13.
26
Evaluate (-92 - -100 - (0 - 1)) + 7.
16
Evaluate (16 - 20) + 1 + 15.
12
Calculate (-4 - (2 - 5)) + (4 - (-6 - -3)).
6
(95 - 89) + (-7 - 0) - 1
-2
Evaluate -2 + 12 + (-13 - -10) + -1 - -7.
13
What is the value of -6 + (0 - -4 - (-13 + 10))?
1
-14 - ((0 - -17) + -17)
-14
What is the value of -4 - ((2 + 0 - 7) + (-10 - -12))?
-1
What is 29 - (23 + -9) - 10?
5
Calculate 10 + -3 + 20 + -20 + -23.
-16
What is (1 - (17 + 2)) + 14 + -19 + 2?
-21
Calculate 13 + 4 - (16 - -17).
-16
What is the value of (-11 - (-14 - -6)) + 10 - 3?
4
Calculate 18 + -71 + (-11 - -7 - -17).
-40
Calculate -14 + -10 + 22 - (0 - 15).
13
Calculate (0 - 1 - -5) + (-69 - -38) + 29.
2
Evaluate 14 + (-5 + 10 - 12).
7
What is (-33 - (-24 - -26)) + 9?
-26
0 + 38 + 1 + (24 - 59) + 26
30
Evaluate (1 + -4 - (11 - 9)) + 13.
8
-30 - -2 - (-139 + 124)
-13
What is -12 + 8 + -7 - -20?
9
What is 8 - ((16 - 5) + (1 - (4 - -3)))?
3
-2 - 5 - -13 - (27 + (-11 - 0))
-10
Evaluate -1 + 5 - (18 - (30 - 12)).
4
-12 + -4 + 22 + -6
0
What is 5 + -7 + (16 - 1) + -7?
6
What is the value of 5 + (8 + -14 - -14) - 27?
-14
Calculate (-26 + -2 - -8) + 6.
-14
Evaluate -5 - ((17 - -1) + (90 - 100)).
-13
What is 15 + 28 + -28 + 0?
15
What is the value of -3 + (-3 - -3) - (0 - 17)?
14
Calculate -131 - -140 - (0 - (-2 - -6)).
13
What is 3 + 1 + -19 + (-12 - -9)?
-18
Evaluate -15 + -12 - -4 - -8.
-15
What is -1 + 10 + -7 + -9 + 25?
18
What is (-4 + (9 - 14) - -35 - 4) + 10?
32
Calculate (49 - 48) + (-2 - 10).
-11
Calculate -9 + 0 + (-6 - 10 - (8 + -11)).
-22
What is the value of -8 - ((9 - 3) + -3)?
-11
0 + -3 + -1 - (16 + -11)
-9
9 - (11 - -2 - 7 - (3 - -10))
16
Evaluate -2 + (9 - -4) + -15.
-4
3 + 6 + -9 + 11
11
18 - 1 - 45 - -16
-12
Calculate 8 + 9 + (-21 - -8 - -2) - 4.
2
Calculate -18 - (-9 - (6 - -3)) - -22.
22
Calculate -39 - (-36 + (8 - -6)).
-17
Calculate -25 + 1 + (324 - 325).
-25
-1 - (-1 + -17) - (-390 + 375)
32
Evaluate -2 - -2 - (3 + (-5 - -5)) - 5.
-8
Calculate (-1 - 5) + -2 + 14 - -2 - -5.
13
30 + -11 + (-33 + 20 - (1 + -8))
13
Evaluate (19 - 22) + -2 + -5 + (8 - -2).
0
What is 5 + (12 - 12) - (-13 - -3)?
15
What is the value of -11 + (-34 - -53 - (-1 + 13))?
-4
Evaluate -4 + (21 - (18 + -6)).
5
What is the value of 21 + (-11 - (-3 - -6))?
7
Evaluate -11 - (-2 + -10 + 2 - -2).
-3
What is the value of 5 + (21 - 0 - (-199 + 200))?
25
What is the value of 47 + (30 - 85) + 26?
18
What is the value of -7 + 18 - ((13 - 4 - 5) + -6)?
13
Evaluate 9 - (-13 + 23 - -8).
-9
What is -3 - (-1 + 1 + -2 + -2 + 11)?
-10
C